actors of 1459018093?
13, 112232161
List the prime factors of 641863083.
3, 213954361
List the prime factors of 218585226.
2, 3, 36430871
What are the prime factors of 170669256?
2, 3, 17, 557, 751
List the prime factors of 397985902.
2, 233, 854047
List the prime factors of 101997036.
2, 3, 944417
List the prime factors of 178941267.
3, 47, 109, 3881
What are the prime factors of 595690965?
3, 5, 17, 778681
List the prime factors of 139766503.
17, 107, 76837
What are the prime factors of 128904102?
2, 3, 61, 39133
List the prime factors of 336570601.
71, 1049, 4519
List the prime factors of 177626169.
3, 7, 113, 8317
What are the prime factors of 86124026?
2, 29, 41, 36217
List the prime factors of 36946347.
3, 12315449
What are the prime factors of 176460958?
2, 7817, 11287
What are the prime factors of 3580068225?
3, 5, 421, 113383
What are the prime factors of 51070284?
2, 3, 103, 4591
What are the prime factors of 2660872902?
2, 3, 29, 109, 140297
What are the prime factors of 117893756?
2, 29473439
List the prime factors of 2393891276.
2, 7, 12213731
List the prime factors of 161366797.
7243, 22279
List the prime factors of 47472042.
2, 3, 131, 60397
List the prime factors of 83135288.
2, 10391911
List the prime factors of 32139540.
2, 3, 5, 29, 47, 131
What are the prime factors of 22401857?
701, 31957
What are the prime factors of 771746187?
3, 257248729
What are the prime factors of 25566941?
89, 287269
What are the prime factors of 5415379960?
2, 5, 29, 4668431
What are the prime factors of 6966011?
13, 47, 877
List the prime factors of 603390393.
3, 2113, 31729
List the prime factors of 7554290314.
2, 173, 21833209
What are the prime factors of 297647514?
2, 3, 283, 19477
List the prime factors of 662167779.
3, 7, 13, 2425523
What are the prime factors of 353470986?
2, 3, 11, 595069
What are the prime factors of 1019953258?
2, 29, 31, 353, 1607
List the prime factors of 128358428.
2, 11, 2917237
What are the prime factors of 169911967?
269, 631643
What are the prime factors of 1020998048?
2, 7, 443, 10289
What are the prime factors of 3749982359?
821, 4567579
What are the prime factors of 4074306751?
17, 239665103
What are the prime factors of 741058?
2, 370529
What are the prime factors of 555806909?
7, 619, 128273
What are the prime factors of 177408681?
3, 19, 41, 75913
List the prime factors of 1858785.
3, 5, 83, 1493
List the prime factors of 54091270.
2, 5, 53, 102059
List the prime factors of 3199616375.
5, 25596931
What are the prime factors of 61009259?
619, 98561
List the prime factors of 3345345189.
3, 371705021
List the prime factors of 928632924.
2, 3, 2866151
What are the prime factors of 519950078?
2, 151, 1721689
What are the prime factors of 26803835?
5, 43, 124669
List the prime factors of 1328168331.
3, 7, 1429, 14753
List the prime factors of 391442068.
2, 17, 5756501
What are the prime factors of 267870181?
267870181
What are the prime factors of 164017603?
5237, 31319
What are the prime factors of 3312866?
2, 149, 11117
List the prime factors of 492614494.
2, 246307247
What are the prime factors of 258232208?
2, 13, 353, 3517
What are the prime factors of 454355325?
3, 5, 29, 2579
What are the prime factors of 565254836?
2, 141313709
List the prime factors of 497134870.
2, 5, 49713487
What are the prime factors of 573228621?
3, 7, 131, 69457
What are the prime factors of 69703786?
2, 3989, 8737
List the prime factors of 71446356.
2, 3, 1063, 1867
What are the prime factors of 39777772?
2, 53, 187631
What are the prime factors of 333511895?
5, 37, 631, 2857
List the prime factors of 155814804.
2, 3, 31, 139619
What are the prime factors of 1648700244?
2, 3, 1063, 4787
What are the prime factors of 212053033?
212053033
What are the prime factors of 2234981827?
13, 619, 277741
What are the prime factors of 497604145?
5, 61, 1631489
What are the prime factors of 61021064?
2, 13, 586741
List the prime factors of 177824282.
2, 1867, 47623
What are the prime factors of 383850700?
2, 5, 3838507
What are the prime factors of 4641702350?
2, 5, 92834047
List the prime factors of 28034297.
53, 547, 967
What are the prime factors of 3335595139?
41, 81355979
List the prime factors of 12663926.
2, 11, 53, 10861
List the prime factors of 518684526.
2, 3, 9605269
List the prime factors of 856248868.
2, 214062217
What are the prime factors of 1562597101?
13, 120199777
List the prime factors of 200669322.
2, 3, 7, 79, 197, 307
What are the prime factors of 115946170?
2, 5, 19, 610243
List the prime factors of 101975067.
3, 11330563
What are the prime factors of 88500931?
88500931
List the prime factors of 56626035.
3, 5, 1481, 2549
List the prime factors of 5640255316.
2, 23, 4931, 12433
What are the prime factors of 7635157128?
2, 3, 106043849
What are the prime factors of 973987029?
3, 331, 326951
List the prime factors of 410674392.
2, 3, 5703811
What are the prime factors of 100843506?
2, 3, 83, 67499
List the prime factors of 424644109.
53, 281, 28513
List the prime factors of 15647333.
13, 1203641
List the prime factors of 943451.
41, 23011
What are the prime factors of 1506252775?
5, 709, 84979
What are the prime factors of 430462778?
2, 1091, 197279
List the prime factors of 297564066.
2, 3, 541, 30557
What are the prime factors of 282348245?
5, 56469649
List the prime factors of 517690022.
2, 258845011
What are the prime factors of 368970828?
2, 3, 29, 743, 1427
What are the prime factors of 891288968?
2, 111411121
List the prime factors of 39508414.
2, 11, 1795837
List the prime factors of 5785158797.
11, 525923527
What are the prime factors of 3364104?
2, 3, 140171
List the prime factors of 39136699.
7, 5590957
What are the prime factors of 526195295?
5, 105239059
What are the prime factors of 110976651?
3, 12330739
List the prime factors of 13408044.
2, 3, 13, 61, 1409
List the prime factors of 1339573244.
2, 334893311
List the prime factors of 418567323.
3, 139522441
What are the prime factors of 1420936540?
2, 5, 71046827
List the prime factors of 4139130.
2, 3, 5, 281, 491
What are the prime factors of 1258963472?
2, 13, 443, 1051
List the prime factors of 106708611.
3, 3449, 10313
List the prime factors of 1677165865.
5, 23, 14584051
What are the prime factors of 105027803?
167, 628909
List the prime factors of 2147131923.
3, 103, 6948647
List the prime factors of 170488732.
2, 173, 246371
What are the prime factors of 3680451334?
2, 7, 53, 227, 21851
What are the prime factors of 30809021?
359, 85819
What are the prime factors of 5047494611?
233, 21663067
What are the prime factors of 3075540080?
2, 5, 38444251
What are the prime factors of 1685243803?
401, 1877, 2239
What are the prime factors of 46182489?
3, 17, 53267
List the prime factors of 345966766.
2, 10223, 16921
What are the prime factors of 114366552?
2, 3, 643, 7411
What are the prime factors of 460315996?
2, 7, 67, 35053
List the prime factors of 1201860693.
3, 11, 367879
What are the prime factors of 126847663?
7691, 16493
List the prime factors of 7966963209.
3, 199, 13344997
List the prime factors of 29142660.
2, 3, 5, 71, 6841
What are the prime factors of 1980521217?
3, 317, 694189
List the prime factors of 6882691184.
2, 10979, 39181
What are the prime factors of 74824321?
11, 13, 29, 18043
List the prime factors of 1841170898.
2, 7, 131512207
List the prime factors of 1629614.
2, 7, 43, 2707
What are the prime factors of 5599783716?
2, 3, 173, 229, 11779
What are the prime factors of 417238311?
3, 7, 167, 118973
What are the prime factors of 168363693?
3, 19, 984583
List the prime factors of 259079401.
7, 37011343
What are the prime factors of 30283739?
19, 43, 101, 367
What are the prime factors of 644639701?
3371, 191231
List the prime factors of 421648285.
5, 19, 857, 5179
What are the prime factors of 707076675?
3, 5, 31, 33791
What are the prime factors of 1698675697?
30253, 56149
List the prime factors of 1388737093.
5051, 274943
What are the prime factors of 886821589?
1277, 694457
List the prime factors of 2118875132.
2, 11, 48156253
What are the prime factors of 589703914?
2, 294851957
List the prime factors of 174001373.
7, 13, 19, 157, 641
What are the prime factors of 326440827?
3, 967, 12503
What are the prime factors of 1813